 -4*c + 2*o = -9*c + 6201. What are the prime factors of c?
17, 73
Let h = 596 - 878. What are the prime factors of ((-14)/21)/(((-16)/h)/(-4))?
47
Let v be 0*(-2 + 1)*1. Let o(x) = x**3 - 24*x**2 - 24*x - 5. Let g be o(25). Suppose u = -v*u + 3*s + 32, 5*s - g = -2*u. List the prime factors of u.
2, 5
Let f(o) be the first derivative of o**2/2 - o + 7. Let q(v) = -v**2 + 8*v - 11. Let z(n) = 5*f(n) - q(n). List the prime factors of z(7).
2, 17
Suppose 2733 = 5*v + 4*n + 10, -2*v - 5*n = -1079. List the prime factors of v.
547
Let r(x) = -x + 16. Let f be r(9). Suppose 5*a + 1 = -3*w, -4*w - 15 = -f*w + 3*a. Suppose 0 = q + 3*j - 29, -112 = -w*q + j - 5*j. List the prime factors of q.
2, 11
Let m(a) = -a**3 + 3*a**2 + 4*a + 1. Let c be m(4). Suppose 2 = l - c. Suppose 15 = 2*y + l*y. What are the prime factors of y?
3
Let c(i) = i**2 + 3*i + 1. Let a be c(-4). Suppose a*u = 59 + 76. List the prime factors of 747/u + (-2)/3.
3
Let a be (-1)/(-4) - 46/(-8). Suppose -8*x = -a*x - 28. List the prime factors of x.
2, 7
Suppose 8 = 2*j, -700 = -2*g - 4*j + 2*j. What are the prime factors of g?
2, 173
Let x be 303/(-3) + 9/(-3). Let w be (6/8)/(2/x). Let k = -12 - w. List the prime factors of k.
3
Let n be (-15)/15 - (2 + -1 + 0). Let c = n + 31. What are the prime factors of c?
29
Suppose -l + 2*l = 11. Let x(j) = -2*j - 6. Let g be x(-4). Suppose g*c + 3*f + 1 - l = 0, -c + 2*f = 2. List the prime factors of c.
2
Let d be (0 - -1)*3474/(-6). What are the prime factors of d/(-12) + 1*1/(-4)?
2, 3
Let c = -4 - -6. Let h be (c/5)/((-5)/(-350)). Suppose -48 - h = -2*v. List the prime factors of v.
2, 19
Suppose -93*h + 280 = -107*h. Let d(w) = 5*w - 22. Let r(j) = -9*j + 45. Let t(u) = 5*d(u) + 3*r(u). List the prime factors of t(h).
5, 13
Let q(l) = l**2 - 13*l + 8. Let c be q(11). List the prime factors of (-76)/c + 128/224.
2, 3
Let i = -47 - -38. Let u = i - -251. What are the prime factors of u?
2, 11
Let j(g) = -g**3 + 10*g**2 + 12*g - 21. What are the prime factors of j(9)?
2, 3, 7
Let r(v) be the first derivative of 4/3*v**3 - 1/4*v**4 + 2*v - 3/2*v**2 + 1. What are the prime factors of r(3)?
2
Let a(o) = -o + 140. What are the prime factors of a(-21)?
7, 23
Suppose 6*t - 3 = 3*t. What are the prime factors of (-160)/(-4) - (t + -5)?
2, 11
Let g = -15 + 12. Let q be g*1 - (2 - 21). Let t = 18 - q. List the prime factors of t.
2
Let o(i) = 42*i - 8. Suppose 0*v + d = -v + 5, 3*d = -v + 9. List the prime factors of o(v).
2, 59
Let x(n) = 12*n**2 - 27*n + 5. Let w be 6/9 + 20/6. List the prime factors of x(w).
89
Suppose 6*u = 3*u + 183. Suppose 20*q - 18*q = -p - 4, -2*q = -5*p - 68. Let j = p + u. List the prime factors of j.
7
What are the prime factors of (136 - 140)*(-1 - (-779)/(-2))?
2, 11, 71
Suppose -30*o = -33*o + 576. Let t = 283 - o. List the prime factors of t.
7, 13
Let y = -118 + 242. Suppose k = 2*t + 189, y + 264 = 2*k + t. List the prime factors of k.
193
Let c(n) = -53*n + 39. What are the prime factors of c(-2)?
5, 29
Suppose 4*k = -0*k. Suppose -2*u - u + 144 = k. What are the prime factors of u?
2, 3
Let n = 13 - 18. Let i be n*-6*3/(-30). What are the prime factors of (i + 1)/(-1) + 21?
23
Let u(t) = 2*t**2 - 44*t + 42. Let i be u(21). Suppose i*a - 14*a = -574. What are the prime factors of a?
41
Suppose 0 = -4*t - 8, -41*n + 44*n - 2*t = 1216. What are the prime factors of n?
2, 101
Suppose -3*l = 2*l - 10. Suppose -12 - 32 = -l*m. Suppose -5*d = -5*c + 6*c - 55, 2*d - m = -5*c. What are the prime factors of d?
11
Let a = -139 + 246. Suppose 0 = -2*b - 10, -b + a = 3*x + 4*b. What are the prime factors of x?
2, 11
Suppose x - 5000 = -3*x - 2*h, -4*x + h = -4988. What are the prime factors of x?
2, 3, 13
Let m(c) = -c - 18. Let n be m(-18). Suppose 42 = g - n. What are the prime factors of g?
2, 3, 7
Suppose 0 = 4*u - 11*u - 1239. Let k = u - -281. What are the prime factors of k?
2, 13
Let w(c) = -6*c**2 - 16*c + 31. Let r(z) = z**2 + 3*z - 6. Let l(m) = 11*r(m) + 2*w(m). Let d be l(4). What are the prime factors of d/(-1) - (-16 - -17)?
3, 5
Suppose 26*t - 55828 - 35016 = 0. What are the prime factors of t?
2, 1747
Let v = -3 + 9. Suppose -7*y = -8*y - 2. List the prime factors of -2*3*y/v.
2
Let l be (3 + -2)*(10 - (1 - -1)). Suppose -4*m + 134 + 114 = 0. Let b = m + l. What are the prime factors of b?
2, 5, 7
Suppose 0 = -5*s - 5*i + 325, -5*i + 279 - 19 = 4*s. List the prime factors of s.
5, 13
Let u(a) = a**3 + 6*a**2 + 6*a - 3. Let d be u(-6). Let i = d - -34. Let f = 35 + i. List the prime factors of f.
2, 3, 5
Suppose -3 - 3 = -2*p, 0 = -g + 4*p + 15. Suppose 7*z = 4*z + g. What are the prime factors of z?
3
Let c be (-854)/(-3) - (3 + (-60)/18). Suppose 5*s = c - 105. What are the prime factors of s?
2, 3
Suppose -5*d = -2*g - 4490, 3*d + 5*g - 2572 = 153. List the prime factors of d.
2, 3, 5
Let n = -79 + 240. What are the prime factors of n?
7, 23
Let b(j) = -j**3 + 26*j**2 + 20*j + 90. List the prime factors of b(26).
2, 5, 61
Suppose -166*u + 159*u + 28105 = 0. What are the prime factors of u?
5, 11, 73
Suppose 0 = 3*s - 17 + 8. List the prime factors of (-5)/15 + 118/s.
3, 13
Let k = 25 - 3. Suppose -2 - 1 = -3*n, 0 = -3*c - 2*n - k. Let h = 1 - c. List the prime factors of h.
3
List the prime factors of 6 + (6 - 2056*-1) + 4.
2, 7, 37
Let d be 8/3*(1 - 1/(-2)). List the prime factors of (d - 14/4)*108.
2, 3
Let s(a) = -5*a**2 - 14*a - 12. Let b be s(-5). Let t = -50 + 20. Let g = t - b. List the prime factors of g.
37
Let u(g) = 15*g**2 - 13*g - 39. List the prime factors of u(-6).
3, 193
Let l be (-2 + -49)/(1 - 0). Let t = 200 + l. What are the prime factors of t?
149
Suppose 3 = 4*l - 177. Suppose 7*j + l = 612. List the prime factors of j.
3
Suppose 3*k - 2*d = -k - 20, -5*k - 28 = -4*d. Let f = k - -8. Suppose -3 = -5*j - 4*y, -f*y + 12 - 39 = -5*j. What are the prime factors of j?
3
Let a = 37 + -90. Let n = 84 + a. List the prime factors of n.
31
Let i(m) = m**2 + 16*m - 195. List the prime factors of i(-29).
2, 7, 13
What are the prime factors of -2537*(-3)/15 + (-4)/10?
3, 13
List the prime factors of (-20)/(4 + (-1242)/309) - -5.
3, 5, 23
Suppose 0 = 3*v - 0*v - 5*s - 76, -3*v + 77 = -4*s. List the prime factors of ((-112)/(-6))/(9/v).
2, 7
Let y(i) = 10*i**2 + 25*i + 78. What are the prime factors of y(-10)?
2, 3, 23
Let p(o) = o**2 - 7*o + 3. Let u be p(8). Suppose -g - 2*n = u, -5 = 3*n + 7. Let l = g - -12. List the prime factors of l.
3
Let q(u) = 2*u**3 - 6*u**2 + 2. Let t be q(3). What are the prime factors of 14 - (1 - t) - (-1 - 1)?
17
List the prime factors of (-5)/2*-1*3642/15.
607
Let c(y) = -y**3 + 8*y**2 - 7*y - 1. Let v be c(8). What are the prime factors of 2 - -1 - (v - 1 - 0)?
61
Suppose 11*s - 3988 = 2920. What are the prime factors of s?
2, 157
What are the prime factors of 864/12*(15/4 - 3)?
2, 3
Let l(u) be the second derivative of -u**4/12 - u**3 + 2*u**2 + 2*u. Let m be l(-6). Suppose -155 = -w - m*w. List the prime factors of w.
31
Let g be (-81)/12 + 7 + (-110)/(-8). Suppose -17*c + 414 = -g*c. List the prime factors of c.
2, 3, 23
List the prime factors of (74140/14)/11*7.
2, 5, 337
Suppose 7079 = 2*l - 5*b, -8*l + 3*l = -4*b - 17723. List the prime factors of l.
3547
Let r be (-4)/(-10) + 126/35. Suppose r*y = 4 + 4. What are the prime factors of (y + -17)*(0 + -1)?
3, 5
Let d(p) = -5*p + 3. Let k(m) = 3 - 13 - 38 + 28*m + 53*m. Let x(u) = -33*d(u) - 2*k(u). List the prime factors of x(3).
2, 3
Let i = -52 - -112. Suppose -48 - i = -6*v. Suppose -w + v + 10 = 0. List the prime factors of w.
2, 7
Let c(z) = z + z - 2 + z. Let j be c(8). Suppose 0*p - 36 = -p + 2*h, -p + j = 5*h. List the prime factors of p.
2
Let j(c) = -4*c**3 + 5*c**3 - 21 - 19*c - 2*c**3 - 16*c**2. Let z(l) = 23*l + 77. Let q be z(-4). What are the prime factors of j(q)?
3, 13
Let j = 137 + -126. Suppose j*v - 12*v = -86. What are the prime factors of v?
2, 43
Let q(t) = -t**3 - 6*t**2 + 3*t - 11. Let y be q(-8). Let h be y/9*3*1. Let x = h - 29. What are the prime factors of x?
2
Let v(n) = -n**2 + 8*n + 1. Let p be v(7). Suppose -p*a = -219 - 957. List the prime factors of a.
3, 7
Let u = -25 + 36. Suppose u + 1 = 4*x. Suppose x + 4 = w. List the prime factors of w.
7
Let v(x) = -x - 12. Let t b